s the greatest common factor of q and 108?
12
Let s(k) = 653*k**2 + 6*k - 4. Let r be s(1). Calculate the highest common factor of 15 and r.
5
Suppose 39*c - 38 - 35 = 44. Suppose -5*b + t + 489 = -2*t, 4*t = -b + 84. Calculate the highest common divisor of c and b.
3
Suppose 11441 - 4008 = 13*x - 32711. Calculate the highest common divisor of 16 and x.
16
Let l be (-30)/(-7) + 18/(-63). Suppose -l*m - 2*s - 3*s + 663 = 0, 2*m - 3*s = 315. Suppose -4*y = -5*y + 18. What is the highest common divisor of y and m?
18
Let g(c) = 129*c + 338. Let s be g(10). What is the greatest common divisor of 22 and s?
22
Let a be (299 - 0)*(2 + -1). Calculate the greatest common factor of 23 and a.
23
Suppose -318*n + 313*n + 3*w = -442, -3*n + 4*w + 274 = 0. What is the highest common divisor of 6 and n?
2
Suppose 5*s + 5*s + 40 = 0. Let c be -72*s/16*(-2 + 4). What is the greatest common divisor of 117 and c?
9
Let a be 34*3/24 + 75/100. Suppose -2*t + 502 = a*n, -3*t + t = -2*n + 212. What is the highest common divisor of 119 and n?
17
Suppose 0 = -g - 1, -2*g + 161 = -i - 226. Let j = i + 410. Calculate the highest common divisor of 189 and j.
21
Let b = 537 + -246. Suppose 4*h + 3*y = 627, -10*h - 3*y - b = -12*h. What is the greatest common divisor of 17 and h?
17
Let k(u) = -u + 4. Let c = 427 - 436. Let b be k(c). Let o(q) = -19*q + 1. Let h be o(-2). Calculate the highest common divisor of h and b.
13
Let p = 4484 - 323. Calculate the greatest common factor of p and 57.
57
Let u = 19829 - 10632. What is the highest common factor of u and 17?
17
Let d(x) = -4*x + 615. Let f be d(90). Let o = 70 + -19. Calculate the highest common divisor of o and f.
51
Let y be 1*3*(-1672)/(-12). Let n(u) = -83*u**3 + 1161*u**2 + 23*u - 50. Let m be n(14). What is the greatest common factor of y and m?
38
Let m = -4 + 6. Let h(d) = -d**3 - 19*d**2 + 20*d + 2. Let t be h(-20). Suppose -t = -m*y + 48. What is the greatest common factor of y and 25?
25
Let c = 263 - 266. Let y(l) = -11*l - 6. Let b be y(c). What is the greatest common divisor of b and 63?
9
Let h = 554 - 509. Calculate the highest common factor of h and 165.
15
Suppose 3*w - 2 = 4. Suppose -i - 15 = -w*i. Let r be 0 + (0 + -25)*8/(-20). What is the highest common factor of r and i?
5
Let b be -948*((-21)/9 + 2). Let s = 386 - b. What is the highest common factor of s and 105?
35
Suppose 1838*c - 1842*c = -48. Suppose -2*t - 84 = -4*t. What is the highest common factor of c and t?
6
Let g be 4/10 + (-2088)/(-30). Suppose 0 = 2*x + 129 + 467. Let a be (-3)/(-18) + 3 + x/(-12). Calculate the highest common factor of g and a.
14
Suppose -5*p + 56 = -p. Suppose 5*w - 20 = w. Suppose 98 - 28 = w*b. What is the greatest common divisor of b and p?
14
Let c(v) = -399*v - 1977. Let o be c(-5). What is the highest common factor of 873 and o?
9
Suppose -4*r = 16*r - 3400. Suppose 5*x - t = -2*t + r, -3*x + 100 = t. Calculate the highest common factor of 21 and x.
7
Let d = -775 + 2356. Let z = -972 + d. What is the highest common factor of z and 87?
87
Suppose 3*n - 3*z - 1334 = z, 5*z = n - 441. Suppose 5*i - 3*g + 135 - n = 0, -332 = -5*i - 4*g. Calculate the greatest common divisor of 224 and i.
32
Let a be (-270)/(-2) - -12*(-4)/16. Let j be a - 3*3/(-3). Calculate the highest common divisor of j and 54.
27
Let d(l) = l**3 + 3*l**2 + 3*l. Let r be d(-2). Let b be 14*(-1 - 0)*r. Let m be ((-40)/80)/(((-8)/224)/1). Calculate the greatest common factor of b and m.
14
Suppose 6*v + 4*x - 131 - 3863 = 0, -4*x = -v + 675. Calculate the highest common divisor of 58 and v.
29
Suppose -58 = 178*v - 183*v + 4*i, 5*v - 3*i = 56. Calculate the greatest common factor of v and 765.
5
Let q(v) = 7*v**3 - 6*v**2 + 7*v - 1. Let m be q(1). What is the greatest common factor of m and 280?
7
Suppose 2*m + 914 = 4*q, 5*m - 44 = -19. Calculate the highest common divisor of q and 143.
11
Let l = -478 + 834. Suppose -5*b + u = -446, 9*b - u = 5*b + l. Let r = 36 - 18. What is the highest common divisor of r and b?
18
Suppose 0 = 5*v - 106 - 4. Let r be (-6)/(-57) + (-160)/76. Let x be (-63 - -41)*1/r. Calculate the highest common divisor of x and v.
11
Let n be 8 + 6 + 2466 + (-3 - -2). Calculate the highest common factor of n and 37.
37
Suppose -97*z + 105*z = 888. Let m = z - 55. What is the greatest common divisor of 448 and m?
56
Suppose 3*g + q = 748, 1159 = 3*g + 2*q + 410. Suppose -237 = -6*d + g. What is the highest common divisor of 18 and d?
9
Let x be (-2)/(-14) + (-5)/((-315)/12654). Let r = -25 + x. What is the greatest common divisor of r and 66?
22
Let j = 19044 - 18899. Let c(f) = 16*f**2 + 2*f - 2. Let x be c(-2). What is the highest common factor of x and j?
29
Let h = 46 + 12. Let b(r) = h*r - 6 + 43*r - 26*r. Let q be b(1). What is the greatest common factor of 23 and q?
23
Suppose -7*j = 67 - 81. Suppose -j*o - 5*o + 182 = 0. What is the greatest common divisor of o and 234?
26
Let l = 312 + -158. Let y be 10*(2 + 24/20). Let u = 46 - y. What is the highest common divisor of u and l?
14
Let t(k) = 50*k - 88. Let f be t(2). Let u be 24*1 - (20 - f). Calculate the highest common divisor of 976 and u.
16
Let c(w) = 5*w**3 + 3*w**2 - 21*w - 94. Let x be c(-10). Let o be x/(-32) + (-6)/24. What is the greatest common divisor of o and 33?
11
Let w = 3489 + -3309. Suppose -2*p + 3*g + 6 = -151, 405 = 5*p + 5*g. What is the highest common factor of p and w?
20
Suppose -123*v = -111*v - 672. Let a(x) = -83*x + 1. Let l be a(-1). What is the highest common factor of l and v?
28
Suppose -2480 = -140*x + 11380. What is the greatest common factor of x and 77?
11
Let v be (-1245)/(-9) + 456/(-342). Calculate the highest common divisor of v and 2.
1
Let k = 91 + -58. Suppose 5*p - 4*m = -0*m + 1799, 730 = 2*p + m. What is the greatest common factor of p and k?
33
Let d(z) = -z**2 - 19*z + 1193. Let r be d(-45). What is the highest common factor of r and 54694?
23
Suppose 0 = 2*n + 3*m - 3 - 7, 2*m = -4*n + 12. Suppose 3*r = -n*r + 240. Let g = r + -29. What is the highest common factor of 133 and g?
19
Suppose 0 = -3*a - 2*t + 490 - 141, -2*t = 5*a - 583. Let f = -31270 - -31309. Calculate the greatest common divisor of a and f.
39
Suppose -566 + 4406 = 24*s. Calculate the highest common factor of s and 15.
5
Suppose 0 = 9*z - 20*z - 11*z + 528. Let i(r) = 85*r**2 + r. Let s be i(-1). Calculate the greatest common divisor of s and z.
12
Let g = -192 + 197. Suppose -5*n = -9*n + 2*a + 530, 380 = 3*n - g*a. What is the greatest common divisor of n and 15?
15
Suppose 13*c - 9*c - 20 = 0. Suppose c*q - 141 = 59. What is the highest common divisor of 5 and q?
5
Let k = 2264 - 2148. What is the greatest common factor of 3132 and k?
116
Let c(s) = -8*s**3 - 5*s**2 - 20*s - 1. Let x be c(-2). What is the greatest common factor of 31 and x?
1
Let k = 3373 - 2338. Calculate the greatest common divisor of k and 30.
15
Let n = 9381 + -3016. What is the greatest common factor of n and 190?
95
Let s(k) = 17*k - 85. Let i be s(6). Suppose -3*n + 3*f + 16 = -i, -2*n - 3*f + 27 = 0. Calculate the greatest common divisor of n and 32.
4
Suppose 7*a - 18*a + 222 = 26*a. Let m be -1 - (-2 + -1) - -2. Suppose m*q + q + 4*h - 18 = 0, -2*h = 4*q - 18. What is the highest common divisor of q and a?
6
Let f(g) = g**2 - 28*g + 164. Let v be f(8). Suppose 0 = -l + 229 + 175. What is the greatest common factor of v and l?
4
Let c(t) = t**3 - t**2 - 11*t + 35. Let z be c(6). What is the greatest common factor of 298 and z?
149
Let y = -11 + 13. Suppose y*q = 8*q - 30. Let f(m) = 17*m - 10. Let k be f(q). Calculate the highest common divisor of 30 and k.
15
Let y(d) = -29 - 14*d + 253*d**2 - 5*d**3 + 4*d**3 - 19 - 231*d**2. Let t be y(8). Calculate the greatest common factor of t and 46.
46
Let q(b) = 4*b + 114. Let f be q(-26). Suppose -7*x + 1751 = -699. Calculate the greatest common divisor of x and f.
10
Let z = -3188 - -3251. Calculate the greatest common factor of 1113 and z.
21
Suppose q = -2*j + 74, 44 = -q - 5*j + 112. Calculate the greatest common divisor of 2 and q.
2
Suppose f = 7115 - 7010. Calculate the greatest common divisor of f and 3990.
105
Let l(s) = -9*s - 93. Let c be l(-11). Suppose -4*o = c*o - 320. What is the highest common diviso